e factors of z(r)?
2, 3
Suppose -5*l + 102 = -2*l. Suppose -11 = -0*u - u + 5*a, -2*u + 4*a = -l. What are the prime factors of u?
3, 7
Suppose 0 = 3*b - 204 + 27. List the prime factors of b.
59
Let u be 1/(2/94 + 0). Suppose 5*h - 4*h = f + 7, -h - 5 = 5*f. Suppose 4*w + h*z = u, -w + 4*z - 61 = -6*w. What are the prime factors of w?
13
Let h = -4 - -7. Suppose 1 = y - h*t + 10, 2*t = 4*y - 14. What are the prime factors of y?
2, 3
Let n = 13 + 18. List the prime factors of n.
31
Suppose -4*v = -5 - 15. Suppose v*c - 4*k = -56 + 10, -5*k = 4*c + 45. Let p = c + 16. What are the prime factors of p?
2, 3
Let g(b) = -11*b**2 + 2*b + 2. Let h be g(2). Let i = -6 - h. Suppose 2*v + i = 2*c, -2*v = -6 - 4. What are the prime factors of c?
3, 7
Let m be 2 + -1 + 0 - -3. Suppose h - m + 2 = 0. What are the prime factors of h?
2
Suppose 2*b - b - 1 = 0. Suppose 0 = -4*w - 2*k - 24, w - 2*k + 7*k = -15. What are the prime factors of w - -8 - b*-2?
5
Suppose 0 = 4*d - 7 - 1. Suppose -3 = 3*g, -4*z + d*g + 19 + 23 = 0. List the prime factors of z.
2, 5
Let m(n) = 7*n + 15. List the prime factors of m(7).
2
Suppose 3*a - 29 = -a - 3*n, -4*n = -2*a + 20. List the prime factors of a.
2
Suppose -2*t = -2*a + 12, 37 = 3*a - 5*t + 13. List the prime factors of (2/a - 1)*-81.
3
Suppose 23*u = 22*u + 22. List the prime factors of u.
2, 11
Let l be (35/10)/(2/12). Let x = l + -11. What are the prime factors of x?
2, 5
Let p = -98 + 154. Suppose -p = -z - z. What are the prime factors of z?
2, 7
Let m = -201 - -302. List the prime factors of m.
101
Let b = -6 - -6. Suppose -f + 14 = -b*f. List the prime factors of f.
2, 7
Let a(j) = 6*j**2 + j + 1. Let o(h) = -h**3 + 6*h**2 + 7*h - 1. Let f be o(7). Let y(t) = t. Let q be y(f). List the prime factors of a(q).
2, 3
Suppose -q = -0*q - 2. What are the prime factors of (-396)/(-39) + q/(-13)?
2, 5
Let t be (-73)/2 - (-2)/(-4). Let d = -19 - t. Suppose 5*q - d = h, -3*h + 4 + 2 = -3*q. List the prime factors of h.
7
Let a = 0 - -2. Suppose a = -2*f - 2*n, -3*f - n = 1 - 6. Let s = 5 - f. List the prime factors of s.
2
Let a(i) be the first derivative of -1/4*i**4 + 5/3*i**3 + 4*i + 1 - 2*i**2. What are the prime factors of a(3)?
2, 5
Let b(v) = v**3 - 8*v**2 + 22*v - 4. List the prime factors of b(9).
5, 11
Let j = 89 - 22. What are the prime factors of j?
67
Let l = -6 - -16. Suppose 3*h - 8*h + l = 0. Suppose h*u - u - 9 = 0. List the prime factors of u.
3
Suppose -84 = -4*i + 4*w, 14 + 19 = 3*i + 3*w. Suppose 0 = 4*q + i, 4*v - q - 16 = q. What are the prime factors of (v/(-4))/((-5)/90)?
3
Suppose 20 = 7*h - 2*h. Suppose -h*q - 68 = -5*r + r, -59 = -3*r - q. What are the prime factors of r?
19
Let d(r) = 2*r**2 - 8*r - 7. What are the prime factors of d(-4)?
3, 19
Let o(j) = -j**3 - 5*j**2 - 4*j - 5. Let w(q) = q + 6. Let z be w(-11). List the prime factors of o(z).
3, 5
Suppose 3*i + 0*i = 0. Suppose -5*g = 5*o - 35, -o + i*o - 23 = -5*g. List the prime factors of -1*15*o/(-5).
2, 3
Let k = 48 + -21. List the prime factors of k.
3
Let z be (8*1)/(0 + 1). Let o(i) = -i**3 + i**2 + 2*i + 10*i**2 - 1 - 3*i**2. List the prime factors of o(z).
3, 5
Suppose 4*s - 96 = -s - 3*w, -5*w - 36 = -s. What are the prime factors of s?
3, 7
Let m(t) = 5*t**3 + t**2 - 4*t - 4. Let o(f) = 6*f**3 + 2*f**2 - 5*f - 5. Let c(w) = -7*m(w) + 6*o(w). What are the prime factors of c(-5)?
2
Suppose -2*l = -4*l + 6. Let z(r) = 10*r - 3. List the prime factors of z(l).
3
Let z = 4 + -1. Let m be -2 - -2 - (-7 - z). What are the prime factors of 15/m - (-1)/2?
2
Suppose -3*g = 5*c + 74, 7*c + 77 = 2*c - 4*g. List the prime factors of 4382/91 - (-2)/c.
2, 3
Suppose 3*u = -4*o + 26, -2*o + u + 13 = o. Let f be (-2)/(-5) + 63/o. Let m = f + -4. What are the prime factors of m?
3
Suppose 4*q - 8*q + 2*h = -220, 0 = q + 2*h - 45. List the prime factors of q.
53
Let m(n) be the second derivative of n + 5/3*n**3 + 0 - 1/12*n**4 - 5*n**2. What are the prime factors of m(7)?
11
Suppose -10 - 6 = -2*r. List the prime factors of r.
2
Suppose 5*p = 0, -j + 3*p + 22 = 4*p. Suppose 0 = n - 2*k - j, 3*n - 5*k + 3*k = 58. Suppose -38 = -4*w + n. List the prime factors of w.
2, 7
Let f(y) = 21*y + 3. What are the prime factors of f(2)?
3, 5
Let x be 0 - (16 + 2)/(-1). Suppose t = -3*d - 4*t + 31, -4*d = 2*t - x. What are the prime factors of d?
2
Let z = 48 + -17. What are the prime factors of z?
31
Let b = 16 + -11. Suppose -31 = -x + 4*g - 7*g, b*g - 89 = -4*x. List the prime factors of x.
2
Let t(m) = -m**3 - 9*m**2 + 4*m - 14. What are the prime factors of t(-10)?
2, 23
Let u(g) = 8*g**2 + g + 1. Suppose -5*v = 5*x - 10, 3*v - 4*v = 5*x - 14. Suppose 2*p - 2 = -2*q, 0 = -x*p - 2*q - 2 + 3. What are the prime factors of u(p)?
2
Suppose -13 = v + 20. Let z be (-72)/v - (-2)/(-11). Suppose -b + 0*b = -z. What are the prime factors of b?
2
Suppose -4*v + 5*t = -2*v - 205, -4*t = -5*v + 470. What are the prime factors of v?
2, 3, 5
Suppose -2*x - 3*i = 2*i - 111, -4*x + 4*i + 180 = 0. Suppose 0*p - x = -4*p. What are the prime factors of p?
2, 3
Let t = 17 - 13. Suppose 3*i - 133 = -5*x, -5*x + 71 + 55 = -t*i. What are the prime factors of x?
2, 13
Let w(i) = i**2 - 5*i - 9. Let y = -7 - -16. List the prime factors of w(y).
3
Let j(v) = v**2 - 6*v - 5. Let a be j(4). Let s = 22 + a. List the prime factors of s.
3
Let y = 534 - 286. What are the prime factors of y?
2, 31
Suppose 2*y = -5*f + 23, -3*f + 6*f = -4*y + 25. Suppose 10 = f*d - 35. What are the prime factors of d?
3, 5
Let h(o) = -o**3 + 8*o**2 + 10*o - 6. Let i be h(9). Let z be 16/(-6) - (-2)/i. Let q = z + 6. List the prime factors of q.
2
Let x(n) be the first derivative of n**4/4 + n**3/3 + n**2/2 - 5*n + 3. Let s be x(0). What are the prime factors of (-2 - s)*(3 - 1)?
2, 3
Suppose -4*i + 28 + 76 = 0. What are the prime factors of i?
2, 13
Let k(s) = -s**3 - 6*s**2 + 5*s - 9. Let j = -22 + 15. What are the prime factors of k(j)?
5
Let f = 11 + -14. Let u(g) = 2*g + 5. Let m(l) = -l - 3. Let s(d) = -10*m(d) - 6*u(d). List the prime factors of s(f).
2, 3
Suppose -4*t + 2*k + 409 = -t, k = -2*t + 261. What are the prime factors of t?
7, 19
Suppose -20 = -4*l, -3*x + 3*l - 6*l = -21. Suppose 0 = x*d - 4*d + 72. Suppose 4*s - d - 4 = 0. List the prime factors of s.
2, 5
Let f = -18 - -54. What are the prime factors of f?
2, 3
Let o(d) = -30*d - 2. Let w = -4 - -6. Let k be o(w). What are the prime factors of k/(-6) + 2/3?
11
List the prime factors of 726/4 + 4/8.
2, 7, 13
Suppose 17 + 3 = -5*v. Let t = v - -2. What are the prime factors of t/(-9) + 68/18?
2
Let b be (-2 - (-3 - -2)) + -6. Let q = b + -15. List the prime factors of (0 + 1)*q/(-2).
11
Let a = 1 + 1. What are the prime factors of (-1 - -6) + -3 + a?
2
Let j = -2 - -20. List the prime factors of j.
2, 3
Let o = 106 - 42. What are the prime factors of o?
2
What are the prime factors of -5 + 4/1 - 6*-9?
53
Suppose -4*o = -5*h + 1935, 5*o + 2594 = 5*h + 654. What are the prime factors of h?
383
Let m(s) = 0*s + s + 1 - 6. Let h be m(6). List the prime factors of -2 - (-1 + h*-6).
5
Suppose 0 = -c + 4*c - 9. Suppose 0*j + 9 = c*j. List the prime factors of 16/((-2)/j*-3).
2
Let x(k) = 11*k**2 + 5*k - 3. List the prime factors of x(3).
3, 37
Let u(w) = 35*w**2 + w + 1. List the prime factors of u(-1).
5, 7
Let b(u) = -2*u**2 + 4*u - 2. Let q be b(2). Let a(s) = -3*s**3 - 2*s**2 + 2*s. Let k be a(q). Let c = k - 8. What are the prime factors of c?
2
Let d(h) = -6*h + 4*h - 2*h - 7. Let s = -13 - -7. List the prime factors of d(s).
17
Suppose 3*z + 5 + 4 = 0. Let x(a) = -2*a**3 - a**2 + 4*a. List the prime factors of x(z).
3, 11
Let u = -5 - -9. Let f = u + -3. Let l(z) = 2*z. List the prime factors of l(f).
2
Suppose 5*x = 3*t + 776, 0 = -2*x + 5*t + 277 + 22. List the prime factors of x.
157
Suppose -22*x + 186 = -20*x. What are the prime factors of x?
3, 31
Let u be -6*((-9)/(-2))/(-3). Let w = 11 - u. List the prime factors of w.
2
Suppose -q + 4*q = -5*l + 33, 5*q = -l + 11. Suppose 5 = -x + l*x. Suppose -j = -2*f + 6, -j = 2*f - x - 13. List the prime factors of j.
2
Let d be (-6)/21 + (-24)/14. Let s be d - 4/((-4)/5). List the prime factors of 5/(-1*(-3)/s).
5
Let x(q) = q. Let f be x(4). Suppose -4*w + 3*h + 61 = 0, f*h - 2 - 38 